
255531
In base 9, what is -62828 + 251?
-62567
In base 6, what is -351 - 10243244?
-10244035
In base 10, what is -61652 + -6313?
-67965
In base 14, what is 5319dc - -2?
531a00
In base 13, what is -2 - 861265?
-861267
In base 13, what is 71b0a798 - -5?
71b0a7a0
In base 12, what is 3 - 3aa95124?
-3aa95121
In base 16, what is 1d7d6 - 1470?
1c366
In base 2, what is -1110010010001110100101 - 101?
-1110010010001110101010
In base 3, what is -102102 - 100000101?
-100102210
In base 16, what is 3 - -47b75d?
47b760
In base 5, what is -311320 - -133143?
-123122
In base 9, what is 1 - 1757231?
-1757230
In base 9, what is 8508 - 5264?
3234
In base 8, what is 17 - -13072672?
13072711
In base 16, what is 1de1 - 53?
1d8e
In base 14, what is 666d590 + 4?
666d594
In base 3, what is -10 - -100212111100020?
100212111100010
In base 2, what is 100010010011011110 - 101000?
100010010010110110
In base 14, what is -1d05b3d4 + 3?
-1d05b3d1
In base 8, what is 2 - 16713355?
-16713353
In base 13, what is b2261 + -48?
b2216
In base 11, what is 382928 - 5?
382923
In base 8, what is 472161702 - 0?
472161702
In base 4, what is 11000 + 130021132?
130032132
In base 3, what is 111021012022 + 1011?
111021020110
In base 8, what is 11252625 + -5?
11252620
In base 10, what is -1069 - -12518?
11449
In base 8, what is 44 - 64173771?
-64173725
In base 6, what is -40401454 + -2451?
-40404345
In base 7, what is 21662050 - 3?
21662044
In base 9, what is -3 - -23715464?
23715461
In base 9, what is 632081441 + -1?
632081440
In base 12, what is -10 + 26389a05?
263899b5
In base 5, what is 134 - 2303422044?
-2303421410
In base 6, what is -352035 - 23341?
-415420
In base 11, what is -2755a7 - a?
-275606
In base 7, what is 561151462 + 3?
561151465
In base 12, what is 5 + -7a3a856?
-7a3a851
In base 7, what is 5 - 4222343666?
-4222343661
In base 15, what is 1 - 762ae7?
-762ae6
In base 6, what is 2140144 - 1011?
2135133
In base 15, what is -224 + -1772?
-1996
In base 10, what is -61833045 + -2?
-61833047
In base 4, what is 210000110 + 2302222?
212302332
In base 16, what is 71 - 2b36d?
-2b2fc
In base 14, what is -1920ac - 3?
-1920b1
In base 14, what is 1da41 - 14?
1da2b
In base 4, what is -32301321331 - 101?
-32301322032
In base 12, what is 29b04 + -2689?
27437
In base 4, what is 100100312 - -2232?
100103210
In base 3, what is 10122021000 - -10102?
10122101102
In base 6, what is -1122 - 22522321?
-22523443
In base 13, what is 8800b60 + 5?
8800b65
In base 12, what is -3 - 3774667?
-377466a
In base 8, what is -154016410 - -4?
-154016404
In base 14, what is 8 + c888d2c?
c888d36
In base 15, what is -4eee - 7a7?
-57a6
In base 2, what is -111001001101 - -100010011111101100?
100001100110011111
In base 13, what is 873c + -58?
86b4
In base 4, what is -1032 + 1212321213?
1212320121
In base 6, what is -14255 + 1551205?
1532510
In base 15, what is -e2197d - 7?
-e21985
In base 6, what is 312153 - 1113?
311040
In base 10, what is 151 + 39238?
39389
In base 9, what is -2 - 322480230?
-322480232
In base 9, what is 548844 + -35?
548808
In base 14, what is -4 + -18c327a?
-18c3280
In base 10, what is -30130 + 15842?
-14288
In base 11, what is 224792 - -573?
225255
In base 15, what is 170b8 + 515?
175cd
In base 12, what is 355373a - 3?
3553737
In base 8, what is -54237732 - -27?
-54237703
In base 7, what is -4 + 53225350?
53225343
In base 2, what is 1100100001101001 - -1100101?
1100100011001110
In base 13, what is 2a - 5b6756?
-5b6729
In base 16, what is -f146 - -ce0?
-e466
In base 16, what is 3d - -470b4?
470f1
In base 6, what is -24132 + -132?
-24304
In base 4, what is -3322 + 103121130?
103111202
In base 16, what is 1b1cc7a8 - 1?
1b1cc7a7
In base 8, what is -52054754 - 2?
-52054756
In base 10, what is -63739 + -5935?
-69674
In base 13, what is 0 + -340a5?
-340a5
In base 16, what is -201 - -8f65?
8d64
In base 14, what is -4 - 2ccb29?
-2ccb2d
In base 7, what is -5121113 + -4?
-5121120
In base 12, what is -794753b + 3?
-7947538
In base 3, what is -2011011112002 + 22101?
-2011011012201
In base 4, what is 10 - 3203020332?
-3203020322
In base 10, what is -2394456 - 2?
-2394458
In base 16, what is -222ff + 288?
-22077
In base 14, what is -59ca + 80d?
-51bb
In base 16, what is -19a9a - -12b?
-1996f
In base 3, what is -1 - -2102212020?
2102212012
In base 13, what is 25 + 107942?
107967
In base 12, what is -5 - -1b994992?
1b994989
In base 15, what is -eb8ead + 8?
-eb8ea5
In base 13, what is -3 - -291520?
29151a
In base 6, what is 122 - 24011323?
-24011201
In base 8, what is -2435 + -1101457?
-1104114
In base 2, what is -1 + -1001110000111000001?
-1001110000111000010
In base 8, what is 3 - -13201065?
13201070
In base 16, what is a9 + 12d27?
12dd0
In base 12, what is -3a0 - -4aa2?
4702
In base 7, what is -516 - 506362?
-510211
In base 3, what is -11212022220 - -101000?
-11211221220
In base 13, what is -3a75a2 + 1a?
-3a7585
In base 9, what is 1 - -5155577?
5155578
In base 12, what is 2625 + 2a11?
5436
In base 10, what is -2859714 - 3?
-2859717
In base 8, what is 1447725126 - -3?
1447725131
In base 10, what is 12979560 - -10?
12979570
In base 2, what is 11001 + 10010001011111000001?
10010001011111011010
In base 12, what is 6b082 - 1a?
6b064
In base 15, what is -5 - 1a1012?
-1a1017
In base 14, what is -117 + 36678?
36561
In base 5, what is -123221412 - 100?
-123222012
In base 15, what is 5 - -4945bb?
4945c1
In base 9, what is -42885 - -46821?
3825
In base 3, what is 102100021200221 - 21?
102100021200200
In base 2, what is 111011100001001101010101 - -1000110?
111011100001001110011011
In base 7, what is -21324 + -2102?
-23426
In base 10, what is 784 + -65581?
-64797
In base 8, what is -75 - 663404?
-663501
In base 8, what is -12 + 2775403?
2775371
In base 2, what is -101 - -101101010001101111001100?
101101010001101111000111
In base 14, what is 0 + 5711c24?
5711c24
In base 11, what is 6a502 - -405?
6a907
In base 7, what is 2352 + -206556?
-204204
In base 16, what is -15717754 + -5?
-15717759
In base 11, what is 2 - 608a24?
-608a22
In base 2, what is 100001 - -11000011001111100101001?
11000011001111101001010
In base 15, what is b474 - -4198?
1061c
In base 3, what is -1 - -1112011220201122?
1112011220201121
In base 8, what is 413457754 - -2?
413457756
In base 14, what is 929d - -4aa?
9769
In base 8, what is 0 - 3707075?
-3707075
In base 7, what is 15 - -164063340?
164063355
In base 7, what is 1254003 - -161?
1254164
In base 11, what is -104 + 113282?
113179
In base 6, what is -101 - 312152324?
-312152425
In base 12, what is -395412 + 5?
-395409
In base 12, what is 45 + -1206871?
-1206828
In base 6, what is -1255421 - 221?
-1300042
In base 6, what is -3 - -21010214202?
21010214155
In base 9, what is -77 - 1210435?
-1210523
In base 13, what is -1801 + -34a7?
-4ca8
In base 12, what is -1aa3b42 + -6?
-1aa3b48
In base 15, what is 5a3a - 965?
50c5
In base 16, what is 2e131 + 1f0?
2e321
In base 11, what is 12a - 44989?
-4485a
In base 13, what is -2c5c0680 - 4?
-2c5c0684
In base 16, what is -18b23 + 28?
-18afb
In base 16, what is 4 + -3ddbb7e?
-3ddbb7a
In base 16, what is 4b35d - 19?
4b344
In base 5, what is 132013 - -110134?
242202
In base 10, what is 22 + 493778?
493800
In base 16, what is -3 + 64ee58?
64ee55
In base 10, what is -135 + 1408539?
1408404
In base 15, what is 1272e8 - 1?
1272e7
In base 7, what is -421055 + -122?
-421210
In base 9, what is 1733780 - 3?
1733776
In base 9, what is -4657653 - 57?
-4657721
In base 16, what is 481852 + 5?
481857
In base 2, what is -1111110011111 - -11011001111?
-1100011010000
In base 2, what is 1100010100 + -1000011110010111100?
-1000011100110101000
In base 15, what is -116e + e0?
-107e
In base 10, what is -2426 - 1957?
-4383
In base 16, what is -5 - a425f?
-a4264
In base 2, what is -100000111 - 1011101110010000?
-1011110010010111
In base 15, what is -d16a45 - -1?
-d16a44
In base 3, what is -121221202021 + -12122?
-121221221220
In base 16, what is 8120f - 1c6?
81049
In base 4, what is -22 - -1323302311011?
1323302310323
In base 5, what is 114022 + 1002012?
1121034
In base 10, what is 14 + -122476?
-122462
In base 5, what is -101104301 + -1432?
-101111233
In base 6, what is -30 - -1503435344?
1503435314
In base 11, what is 26 + 4418a?
44205
In base 11, what is -1a6046 + 27?
-1a601a
In base 14, what